1/3*v**3 + 3*v**2 + 3 + 4*v. What is h(i)?
-1
Let z(u) = 2*u**2 - 9*u - 4. Suppose 8*c = 3*c - 4*p + 25, -5*p - 10 = -2*c. Let s(y) = 2*y**2 - 10*y - 3. Let o(i) = c*s(i) - 4*z(i). Give o(7).
1
Let j(v) = -v**3 + 23*v**2 + 27*v - 72. Let k be (-5)/(40/384*-2). Give j(k).
0
Let n(i) be the first derivative of -5*i**2/2 - 5*i - 275. Suppose 11*y + 61 = -5. What is n(y)?
25
Let t(q) be the third derivative of -7*q**2 + 1/24*q**4 + 0*q - 4/3*q**3 + 0. Let o be 108/14 + (-172)/(-602). Determine t(o).
0
Let t be (-2)/10 + 12/(-15). Let o(p) be the third derivative of 0 + 9*p**2 + 0*p + 1/6*p**3 + 17/24*p**4. Determine o(t).
-16
Suppose 0 = 11*p - 40*p - 34*p + 1134. Let u(a) = 8*a - 145. What is u(p)?
-1
Let r(d) = -d + 3. Let k = -79 - -241. Suppose 3*g = -150 + k. What is r(g)?
-1
Let o(g) = -115*g**3 + 1 + 246*g**3 - 130*g**3 - 7 + 2*g**2 + 3*g. Determine o(-3).
-24
Suppose -38*j - 180 = -2*j. Let k(d) = -2*d**3 - 4*d**2 - 3*d - 2. Let g be k(-2). Let o(w) = 3*w**2 - g*w**2 - w**3 + 3*w - 4*w**2. Give o(j).
-15
Let m(j) = j**3 - 4*j**2 + 3*j - 1. Let o be (4 - 55/15)*(-2 - -8). Suppose -4*c = 2*x - 18, -x + o*c - 9 = -2*c. What is m(x)?
-1
Let z(h) = -h - 683*h**2 - 3*h + 682*h**2 - 6 - 2*h + 2*h. What is z(4)?
-38
Let g(h) = h - 15. Let t(m) = -5. Let b(v) = 2*g(v) - 7*t(v). Let d(q) = -4*q**2 - 116*q - 5. Let z be d(-29). Calculate b(z).
-5
Let u be ((-2)/(-3))/((-28)/(-21))*10. Let o(q) = -19*q + 3. Let y(z) = 29*z - 4. Let v(b) = u*y(b) + 7*o(b). Calculate v(-1).
-11
Let u(o) = -2*o**2 - 12 + 3*o**2 + 20 + o. Let w be u(-9). Let t(d) = 0 + w*d - 69*d - 1. Determine t(-1).
-12
Let x(b) be the second derivative of b**4/12 + 7*b**3/6 - 3*b**2/2 - 6*b. Let l(n) = -11*n - 24. Let v be l(-12). Suppose v = -16*w - 2*w. Determine x(w).
-9
Let n(b) = b - 4. Let z be (-1089)/264 - (-2)/16 - 262. Let o = z + 263. Calculate n(o).
-7
Let m(d) = d**3 + 7*d**2 - 6*d + 8. Suppose 48 = -6*r + 3*q, r + 2*q = -4*r - 40. Calculate m(r).
-8
Let p be 2/((-5 + 4)/1) - 415. Let d = p + 431. Let y(m) = m**2 - 14*m + 9. Determine y(d).
9
Let y(c) = 2*c - 262. Let r(d) = 261. Let g(t) = 6*r(t) + 5*y(t). Let j be g(-25). Let p(q) be the second derivative of -q**3/6 + 5*q**2/2 + q. Calculate p(j).
-1
Suppose -280*y - 386 = 226 + 1068. Let n(m) = m**3 + m**2 - 32*m - 19. Determine n(y).
-7
Let n(l) = -2*l - 3. Suppose 3*c = 5*b - 23 - 11, 0 = b + 5*c + 10. Suppose 11*z = -1 + 34. Suppose 0 = 5*k + b*t - 35, z*t + 24 = 4*k + 6*t. Give n(k).
-9
Let q(t) = 2*t**2 + 11*t + 25. Let c(o) = -7*o**2 - 41*o - 102. Let k(u) = 3*c(u) + 11*q(u). Determine k(7).
4
Let v(q) = -16*q + 294. Let o be v(19). Suppose -i = i + 2. Let t be -10*(i + 2)/((-25)/o). Let a(h) = -h**2 - 5*h + 1. Determine a(t).
5
Let r be 12 + -1 + -1 - (6 - 3). Let q(d) = 4*d + d - 3 + 3*d - r*d + d**2. Let u be (-1)/(3 + -5)*(-4 + -2). Calculate q(u).
3
Let j(y) = y + 5. Let k be 12*151*(-23)/(-92). Suppose -k = -6*t + 459. Let m = t - 145. Give j(m).
12
Suppose -30 + 58 = 7*a. Let h(m) = 11*m - 38. What is h(a)?
6
Let i(s) = s**2 - 11*s - 7. Let r(n) = n**3 + 9*n**2 + 15*n + 46. Let z be r(-11). Let a = -349 - z. Calculate i(a).
5
Suppose 3*y = -2*f - 2*y + 18, -4*f - 5*y = -46. Let z(o) be the second derivative of o**3/6 - 2*o**2 - 311887*o. Calculate z(f).
10
Let w be ((-24)/20)/((-21)/35). Let z(b) = 3 + 5*b**2 - w + 3*b + 3*b**2 - 7*b**2. What is z(-2)?
-1
Let a(h) = 7*h - 124. Suppose -1156 = -81*f - 6*f - 199. Determine a(f).
-47
Let b(c) = -49*c**3 - 33*c**2 + 9*c + 39. Let d(o) = 11*o**3 + 8*o**2 - 2*o - 10. Let l(j) = 2*b(j) + 9*d(j). Determine l(-5).
13
Let p(r) = 10*r - 3. Let o = -6204 + 6200. Determine p(o).
-43
Let d = -220 - -222. Let t(s) = 18*s + 99*s**2 - 31*s**2 - 33*s**d + 5 - 6*s - 34*s**2. What is t(-9)?
-22
Let a(x) = -x**3 - 5*x**2 - 2*x + 15. Suppose 16 = 43*u + 147 + 41. Calculate a(u).
7
Let l(w) be the second derivative of -w**4/12 - w**3 - 2*w**2 + 4*w. Let i be (-7)/98 - (-966)/(-196). Calculate l(i).
1
Let n(a) = -a**2 - 21. Let y = 7476 - 7466. What is n(y)?
-121
Let a(d) be the third derivative of d**6/120 - d**5/12 - d**4/4 + d**3 - 5*d**2 - 1. Let k(y) = -y**3 - 13*y**2 - 24*y - 16. Let g be k(-11). What is a(g)?
6
Let a(z) be the third derivative of -z**4/24 - 2*z**3/3 - 45684*z**2. Let o(t) = t**3 + 7*t**2 - 2. Let q be o(-7). Determine a(q).
-2
Suppose 0 = -5*l + 2*z + 66, 30 = 3*l - z + 3*z. Let m be (2/(-4))/(1/l). Let a(g) = 2*g - g + 13 + 0*g. Calculate a(m).
7
Suppose 2*q + 5*o = 9 + 17, o = 2. Let w(k) be the first derivative of -3*k**2/2 + 26*k + 356. Calculate w(q).
2
Let l(u) = u**2 + 3*u - 13. Let w(d) = -1. Let c(y) = -2*y**2 - 11*y + 5. Let z(j) = -c(j) - 4*w(j). Let o be z(-5). Give l(o).
5
Let a(y) = -y**3 - 4 + 8*y - 4 + 5*y**2 + y**2. Let n(x) be the first derivative of x**4/4 - x**3/3 + 7*x - 47. Let z be n(0). Calculate a(z).
-1
Let v(u) = 2*u**2 + 10*u + 5. Suppose -509 = 98*l - 313. Give v(l).
-7
Let m(r) = r**2 + 39*r - 49. Let t = -3002 + 2962. Calculate m(t).
-9
Let l(t) = t. Suppose m = 2*b - 3, 4 - 17 = 3*b + 2*m. Let y be (b + 1)/((-6)/(8 - 2)). Suppose 3*z - 18 = -y*z. Determine l(z).
6
Let l(n) = -n**3 + 2*n**2 + 4*n - 5. Let t(d) = -5*d**3 + 10*d**2 + 19*d - 26. Let m(f) = 11*l(f) - 2*t(f). Suppose 5*p - 20 = -0*p. Give m(p).
-11
Suppose 2*n = 7*f - 2*f - 18, -2*n - 2 = 3*f. Suppose -f*a + 13*a = 2266. Suppose 5*u - 201 = -a. Let j(w) = -2*w**3. Give j(u).
2
Let v(w) = -38*w + w**2 - 21 + 22*w + 2*w. Calculate v(15).
-6
Let t = -7 - -3. Let p = 10 + t. Let v(a) = -77*a**2 - 41*a + 1. Let o(b) = 17*b**2 + 10*b - 1. Let z(x) = -9*o(x) - 2*v(x). Determine z(p).
-5
Let d be (2 - 1)*(0 - 0). Suppose -2*w - 12 = -4, i - w = 7. Let y(f) = -4*f**3 + i*f**3 + 156*f**2 + 161*f**2 - 316*f**2 - f. Give y(d).
0
Let g = -18 - -20. Let n(v) = 0*v + 3*v - 6 - v**g + 2*v - v. Suppose 36*c = -3*h + 40*c - 8, -h + 5*c - 21 = 0. Calculate n(h).
-6
Let d(x) = -x**2 + x + 21. Let l(h) = -h**3 - 13*h**2 - 6*h - 78. Let c be l(-13). Give d(c).
21
Let u be (-4)/6 - 13/3. Suppose 0 = 14*f + 3*f + 119. Let x(c) = 2*c**2 + 15*c + 5. Let r(m) = -3*m**2 - 22*m - 8. Let y(l) = f*x(l) - 5*r(l). Determine y(u).
5
Let d(a) = 0*a**3 + 2*a**3 - a**3. Let u(j) = 2*j - 37. Let k(q) = -2*q + 37. Let m(s) = -2*k(s) - 3*u(s). Let h be m(19). Give d(h).
-1
Let q(o) = -9*o**2 - 2*o - 3. Let m(w) = -w - 1. Let l(s) = 11*s**2 - s. Let p(t) = l(t) - 3*m(t). Let b(h) = -5*p(h) - 6*q(h). Give b(0).
3
Suppose 3*o + 399*o - 228 - 174 = 0. Let h(b) = -10*b**2 + 7*b - 3. Calculate h(o).
-6
Suppose 0 = 14*l + l - 2991 + 3036. Let o(t) be the second derivative of t**5/20 + t**4/3 - t**2 + 6*t. Calculate o(l).
7
Let k(t) = -3*t**2 - t - 61. Let c(a) = -5*a**2 - 54. Let j(o) = 2*c(o) - 3*k(o). What is j(10)?
5
Suppose 83*g + 8*g - 658 = -3*g. Let s(q) = -23*q + 9. Calculate s(g).
-152
Let b(f) = -7*f**2 - 2*f - 1. Let m = 234 + -216. Suppose 4*n + m = -2*k, 5*k - n + 6 = 5. Determine b(k).
-6
Suppose -103*y + 5*u - 83 = -106*y, 0 = y + u - 25. Let o(a) = -2*a + 40. Determine o(y).
-2
Let w(p) = p - 5. Let o = 471 - 219. Suppose 258*s - 237*s = o. Determine w(s).
7
Let f(s) = s - 5. Let u(h) = -5*h**2 + 2*h - 26. Let y be u(8). Let j = 335 + y. Determine f(j).
0
Let n(o) = -11*o**2 - 26*o - 6. Let j(r) = 29*r**2 + 72*r + 20. Let d(b) = -3*j(b) - 8*n(b). Give d(9).
-3
Let b(i) = 7*i - 114. Let p(s) = -s**2 + 18*s + 1600. Let z be p(-32). Give b(z).
-114
Let p(u) = -10946 + 21879 + u - 10951 - 2*u. What is p(12)?
-30
Let i(d) = d**3 + 2*d**2 - d + 1. Let x = 3194 - 3196. Determine i(x).
3
Let r(k) = k + 11. Let q be r(-10). Suppose 7 = 6*s - 5. Let n(z) = 3*z**2 - q - 4*z - 2*z**s + 6*z. Determine n(-3).
2
Let v be (-12 - -13)*-13 - -4. Let q(r) = r**3 + 8*r**2 - 14*r - 55. Give q(v).
-10
Let v(t) = -108*t**3 + 12*t**2 + 210*t**3 + 2*t - 27 + 5*t - 14*t - 103*t**3. Calculate v(11).
17
Let v(z) = -18*z**2 - 2 + 39*z**2 + 2*z**3 + 0 - 22*z**2 + 6*z. Let u(m) = -4*m**3 + 3*m**2 - 13*m + 5. Let q(a) = 3*u(a) + 7*v(a). Determine q(-2).
-13
Let s = -3355 + 3349. Let l(b) = -b**2 - 7*b - 9. Determine l(s).
-3
Let h(m) = -m**2 + 4*m + 2. Let t be 133/14 - 1/(-2). Suppose t*o - 2 - 48 = 0. What is h(o)?
-3
Let y(i) = -7*i**2 - i + 13. Let w(o) = -15*o**2 - o + 27. Let m(f) = -6*w(f) + 13*y(f). Let p be (-12)